, 7
Suppose 3*v - 7 - 236 = 0. List the prime factors of v.
3
Let o = -8 - -6. List the prime factors of (o - 20/(-1)) + -1.
17
Let o(s) = 6*s**2 + 3*s - 7. What are the prime factors of o(-5)?
2
Let m(d) = -4*d + 3 - d**2 - 4 + 0*d**2. Let s be m(-3). Suppose 0*b + b = s. What are the prime factors of b?
2
Let v(y) be the third derivative of y**4/4 - y**3/3 + 4*y**2. List the prime factors of v(2).
2, 5
Let f(d) = 10*d - 4*d - d**2 + 10 - 14 + 2*d. Let n be f(7). Suppose -n*r = -k - 2, -2*k + 3*r + 8 = r. What are the prime factors of k?
7
Let c = 3 - 6. Let v(x) = -3*x + 1. Let s be v(c). Suppose s = 8*y - 3*y. What are the prime factors of y?
2
Let q(y) = -8*y + 7*y - 5 + 9 + 8. List the prime factors of q(-12).
2, 3
Let a = 5 - 8. Let t = a - -6. Suppose -i + 1 = -t. What are the prime factors of i?
2
Suppose -3*m - 2*t + 22 = 0, 5*m + 4*t - 26 = 8. Suppose -2*x + 4*d = 3*d - 59, 2*d - m = 0. What are the prime factors of x?
2
Let u(d) = -d**3 + 9*d**2 - 3*d + 9. List the prime factors of u(7).
2, 43
Let f be ((-16)/(-24))/((-1)/(-3)). Suppose -p = -3*m - 9 + 44, 0 = -4*m - f*p + 30. List the prime factors of m.
2, 5
Suppose 15 = 2*x - 21. What are the prime factors of x?
2, 3
Let o(q) = -q**2 - 5*q - 4. Let t be o(-3). Let m = t + 0. What are the prime factors of 0 - m*(-10)/4?
5
Let p(u) = 10*u - 2. List the prime factors of p(2).
2, 3
Suppose -78 = -2*z + 2*b, 2*z + 2*z + 3*b = 177. What are the prime factors of z?
2, 3, 7
Let g(k) be the third derivative of k**4/12 - k**3/6 - 6*k**2. List the prime factors of g(14).
3
Let u(l) = -l**2 + 10*l. Suppose 0 = 4*m - m - 27. List the prime factors of u(m).
3
Let r = 144 + 14. What are the prime factors of r?
2, 79
Suppose 3*g + a - 166 = 0, 4*g - 115 - 85 = 4*a. What are the prime factors of g?
2, 3
Suppose 2*h + f = 6*h - 253, -5*h + 316 = -f. List the prime factors of h.
3, 7
Let b be 9*1 + -6 + 3. Suppose -w - 20 = -b*w - 5*p, -5*w + 2*p + 20 = 0. What are the prime factors of w?
2
Suppose -5*v - 210 = -5*s, 3*v + 51 = 2*s - 33. What are the prime factors of s?
2, 3, 7
Let i(a) = a**2 + a + 1. Let t(k) = -7*k**2 + 3*k + 5. Let g(j) = -6*i(j) - t(j). Let f be g(11). Let s = -8 + f. What are the prime factors of s?
3
Suppose 44 + 7 = -3*l. Suppose -2*c + 6*c + 48 = 5*v, 3*v - 60 = 5*c. Let d = c - l. List the prime factors of d.
5
Let x = 13 + 3. What are the prime factors of x?
2
Suppose 2*p - 24 = -5*t, 0*p = 4*p + 12. Let j = t - 4. What are the prime factors of j?
2
Let m = 95 - 30. Suppose 0*h + m = 5*h. What are the prime factors of h?
13
Let w(f) = f**3 + 4*f**2 - f - 2. Let c be w(-4). Suppose -c*l + 41 = i, l - i + 110 = 6*l. Let s = l + -14. List the prime factors of s.
3
Let a be (-45)/6*(-8)/(-3). Let z = -13 - a. What are the prime factors of z?
7
Let j be 2 - (3 + -6 + 7). Let r(a) = 2*a**3 + 2*a**2 + 4*a + 2. Let p be r(j). Let d = p + 23. List the prime factors of d.
3
Let o(t) = -t + 13. Let s be o(10). Let l be s + -2 + (1 - -8). List the prime factors of 42/10 + (-2)/l.
2
Let l(w) = 9. Let m(k) = 10. Let t(z) = 5*l(z) - 4*m(z). Let j(d) = d + 4. Let s(p) = 2*j(p) - 3*t(p). List the prime factors of s(10).
13
Let i(u) = 8*u - u - 3*u + 3*u**2 + 3. Let x be i(-4). What are the prime factors of 7/x - 89/(-5)?
2, 3
Let a(m) = -11*m + 1. Let n be a(1). Let j = 1 - n. What are the prime factors of j?
11
Let b(u) = 29*u**2 - 2*u - 1. Let d = 6 - 7. What are the prime factors of b(d)?
2, 3, 5
Let a be 60/8*8/5. Suppose 0 = -3*x + 5*x - a. Let f = 8 - x. What are the prime factors of f?
2
Let g be (-214)/(-14) + 4/(-14). Let a = 24 - g. List the prime factors of a.
3
Let c(d) = -d - 7. Let a be c(-6). List the prime factors of 2/(-3)*-6 - a.
5
Suppose 5*r - 3*y - 6 = 0, 2*r + 3*r + 2*y + 4 = 0. Suppose -q + 2*q = 2*j - 10, -2*j - 5*q + 34 = r. List the prime factors of j.
7
Suppose 9 - 35 = -u. What are the prime factors of u?
2, 13
Let d be 1*(-2)/4*50. Let k be (-4)/2*d/2. Let s = k - 12. List the prime factors of s.
13
Let u(z) = -z**3 + 5*z**2 - 5*z - 1. Let k be u(4). Let j = 5 + k. Let r = 10 + j. List the prime factors of r.
2, 5
Let m(n) = n**3 + 3*n - 3. Let c be -3 + 1 + (1 - -3). What are the prime factors of m(c)?
11
Let h(y) = 2*y - 5. Let w be h(5). Suppose b - 26 = -w*u, 0 = -u - u - 3*b + 13. Let n = u - -5. What are the prime factors of n?
2, 5
Suppose -5*i + 4 = -i. Suppose o - i = 15. List the prime factors of o.
2
Suppose 10 = 4*u + u. What are the prime factors of u?
2
Suppose m + 5 = -2*g, 0 = -2*m - 2*m - 3*g. Let k = m + 1. Suppose -k*a + a = -21. What are the prime factors of a?
7
Suppose -y = -5*z + 22, -z + 3*z = y + 7. Suppose y*k - 110 = 2*p, 3*p + 86 + 79 = 3*k. List the prime factors of p/(-3) - (-10)/15.
19
Let a be (-20)/2 - (-10)/(-10). Let n(g) = -2 + 5 + 0 - g. What are the prime factors of n(a)?
2, 7
Suppose -3*k + h = 0, 0 = 4*k + h - 2*h. Let a(m) = -m**3 - 3*m**2 - 3*m + 2. Let q be a(-3). Suppose 5*n + 1 - q = k. List the prime factors of n.
2
Suppose -60 = -3*g + 2*g. What are the prime factors of g?
2, 3, 5
Let l be 158/(-2) + (-6)/(-2). Let p = l - -120. Suppose o = 3*o - p. What are the prime factors of o?
2, 11
Let q = -59 + 155. List the prime factors of q.
2, 3
Let b = 176 - 98. List the prime factors of b.
2, 3, 13
Suppose -189 = -10*d + 11. List the prime factors of d.
2, 5
Suppose 3*o = 2*d - 417, 3*d - 5*o + 2*o = 633. What are the prime factors of d?
2, 3
Let y(o) = o**3 + 14*o**2 - 2*o - 10. What are the prime factors of y(-14)?
2, 3
Let g(i) = 4*i - 16. List the prime factors of g(13).
2, 3
Let v(i) = 13*i - 39. What are the prime factors of v(10)?
7, 13
Let z(r) = 53*r**2 - r + 2. What are the prime factors of z(1)?
2, 3
Let w = -7 - -16. Suppose 0 = -b - x + w, -6*x - 25 = -2*b - x. Suppose 6*z - z = b. What are the prime factors of z?
2
Let d be 9*-1*6/(-9). Let i be (-2 + 0)/(2/(-85)). Suppose -d*t + t = -i. What are the prime factors of t?
17
Let s(n) = n**2 - 4*n - 6. Let r be s(5). List the prime factors of -2 + r + 9 + 1.
7
Suppose 2*b - 5*r - 2 = 0, -2*b + 59 = 3*b + r. List the prime factors of b.
11
Let x = -106 + 161. List the prime factors of x.
5, 11
List the prime factors of (1 - 0 - -4) + -1.
2
Let z = -6 + 8. Suppose z*c - 290 = -3*c. List the prime factors of c.
2, 29
Let q(s) = -2*s**3 - 8*s**2 + 10*s + 17. List the prime factors of q(-7).
241
List the prime factors of (1/(-1) - -4) + 3.
2, 3
Suppose 0 = 4*g - 3*v - 171, 1 = -3*v - 2. Let n = -30 + 36. Suppose -3*c - 2*k - n = -4*c, -4*c + g = -2*k. List the prime factors of c.
2, 3
Let f(u) = u**2 + 12*u + 9. Let t be f(-9). Let w = t - -42. What are the prime factors of w?
2, 3
Let l(q) = 4*q + 7. List the prime factors of l(4).
23
Suppose 3*j - 6 = -0*j. Suppose -j = -i + 2. What are the prime factors of i?
2
Suppose 2*k - 54 - 32 = 0. What are the prime factors of k?
43
Let q = -10 - -14. Let l = 7 - q. Suppose -s + l = -0. What are the prime factors of s?
3
Suppose -4*k = -3 - 13. Suppose k = 5*l - 4*l. What are the prime factors of l?
2
Suppose -5*v = -5*f + 231 + 524, 3*f - 425 = -4*v. What are the prime factors of f?
3, 7
Suppose -5*n = -m + 28, -5*n = -3*m - 0*n + 54. Suppose 19*k = 24*k + 25. Let d = m + k. What are the prime factors of d?
2
Let g(b) = b**2 + 3*b - 8. Let k be g(-6). Let h = 13 - k. List the prime factors of h.
3
Suppose 5*u = -n + 51 + 4, -u = -2. What are the prime factors of n?
3, 5
Let g = 3 - -35. Suppose -4*l + 22 = 2*a - g, -73 = -5*l - 3*a. List the prime factors of l.
17
Suppose 3*z = 5*z - 74. What are the prime factors of z?
37
Let b = 21 - 1. List the prime factors of -1 - -1*(b + -3).
2
Let c(n) = 34*n**2 + 1. Let s be (0 + 1)*(-3 - -4). Let r be c(s). Suppose 4*t = v + 16, -2*t + r = 5*v + t. What are the prime factors of v?
2
What are the prime factors of 1*18*(-45)/(-18)?
3, 5
Let r = 50 + -11. Let b = 77 - r. Suppose -2*s = -8 - b. What are the prime factors of s?
23
Suppose 6*x - 8*x - 4 = 0. List the prime factors of 1*(x + 3 - -15).
2
Let b(s) = -s**3 + 14*s**2 - 12*s + 2. What are the prime factors of b(13)?
3, 5
Suppose -6*v + 132 + 534 = 0. List the prime factors of v.
3, 37
Let a = 654 - 363. List the prime factors of a.
3, 97
Let p(a) = a**2 + 14*a + 20. What are the prime factors of p(-16)?
2, 13
Suppo